 -2590 - -2599. What is the highest common divisor of n and 1?
1
Let i = -55 - -151. Calculate the highest common factor of i and 6.
6
Suppose -4*p = -8*p + 380. What is the highest common factor of p and 19?
19
Let s = -15 - 5. Let b be (-18)/12*s/6. Suppose -5*o + o + 20 = -2*p, -b*p + 10 = 2*o. What is the highest common factor of o and 35?
5
Suppose -2*g + 2*k = -7*g + 8, g - 5 = 3*k. Suppose 10*w - 6 = 7*w. Suppose 6*v = -2*f + v + 13, g*v + w = f. Calculate the greatest common factor of f and 36.
4
Suppose k = 3*v + 4 - 1, 3*k = 4*v + 14. Let r = 8 + k. Suppose -34*j = -8*j - 2912. Calculate the highest common factor of r and j.
14
Suppose -726*c + 731*c - 435 = 0. What is the greatest common divisor of 145 and c?
29
Suppose -3*z = 2*g + 75, -2*g + 4*z - 32 = -g. Let k = -18 - g. Calculate the greatest common divisor of k and 81.
9
Suppose -11*n + 90 = 4*n. Calculate the greatest common factor of 54 and n.
6
Suppose -o = -0*o + 16. Let k = o - -32. Suppose -7*d - 219 = -779. Calculate the greatest common divisor of k and d.
16
Let a(q) = -10*q + 17. Let z be a(2). Let x be -1 + 26 + (z - -2). Calculate the greatest common factor of x and 216.
24
Let h = 14 - 10. Suppose -128 = 4*j + 5*l + 2, 5*j = h*l - 183. Let v = j - -54. Calculate the highest common factor of v and 19.
19
Let o(s) = -2*s**2 + 5*s**2 + 52*s + 4 - 42*s. Let k be o(-4). What is the highest common divisor of k and 96?
12
Let l be (18*(-9)/(-15))/((-12)/(-40)). What is the greatest common factor of 1044 and l?
36
Let d(k) be the third derivative of k**6/40 + k**5/12 - 3*k**3/2 + 4*k**2. Let a be d(3). Calculate the highest common factor of 78 and a.
39
Let i be (-3 - -6) + (-2)/(-2). Let f(y) = 11*y + 44. Let n be f(i). Calculate the greatest common factor of n and 8.
8
Let u(b) = -7*b - 5. Let p(y) = -34*y - 26. Let s(a) = -2*p(a) + 11*u(a). Suppose z - 6 = 4*z. Let m be s(z). What is the greatest common divisor of 10 and m?
5
Suppose 2 = v - 5. Let o(m) = -v*m**2 + m - m**2 + m**3 + 8 - 9*m. Let s be o(9). Calculate the greatest common factor of 119 and s.
17
Let m(n) = -4*n - 2. Let s be m(-1). Let y be (s + -1)/(2/(-16)). Let t be 400/30 + y/6. Calculate the greatest common divisor of 12 and t.
12
Let a be (5/15)/(1/6). Let j(t) = 2*t**2 - a - 8*t - 2 + 8. Let m be j(5). What is the greatest common divisor of 98 and m?
14
Let m(q) be the third derivative of 0 + q**2 + 3/8*q**4 + 8/3*q**3 + 0*q. Let k be m(8). Calculate the greatest common factor of k and 8.
8
Let h(l) = 2*l**2 + 22*l - 158. Let i be h(6). Calculate the highest common factor of 2254 and i.
46
Let f(j) = 4 + 5 - 5 - 3 - 5*j. Let r be f(-15). What is the highest common divisor of r and 114?
38
Suppose 3*a - 4 = a. Suppose 3*o - 247 = -2*w, o + 3*o = -a*w + 246. Calculate the highest common divisor of 25 and w.
25
Suppose -4*k = -0 - 152. What is the highest common divisor of 76 and k?
38
Suppose 23 = 5*v - 4*u, -5*v + 10*u + 32 = 9*u. Let w = 0 + 0. Let g be -3 + v + 18 + w. Calculate the highest common divisor of 220 and g.
22
Suppose 72*w = 31*w + 24354. What is the greatest common divisor of 154 and w?
22
Suppose 1095*s - 2244 = 1092*s. Calculate the highest common factor of s and 176.
44
Let d be 42/9*(-7980)/(-56). Calculate the greatest common divisor of 285 and d.
95
Let h(d) = -10*d**3 - 2*d**2. Let k be h(-2). Let x(y) = 2*y**2 + 2*y - 3. Let q be x(2). What is the highest common factor of k and q?
9
Let k be (-476)/(-4) + -1 + -3. Let r be -1*(8/6 + 730/(-30)). What is the highest common divisor of r and k?
23
Let o = 16 + -11. Suppose 0 = -t + 3 + o. Suppose x - 2*x = -t. Calculate the greatest common factor of x and 1.
1
Suppose -5*g = -2*h - 6*g + 8, 5*g - 1 = 3*h. Let q = 5 - 2. Suppose 2*y = -q*y + 60. What is the greatest common factor of y and h?
3
Let o be (-2948)/(-209) - 4/38. What is the greatest common divisor of o and 28?
14
Let f = 23 + -22. Suppose w + 17 - f = 0. Let m be (w/(-4) + -147)*-1. Calculate the greatest common factor of m and 13.
13
Let p be 3*((-7)/3 + 3). Suppose 5*t - 60 = 5*d, p = -2*t - 3*d + 1. Calculate the greatest common divisor of t and 7.
7
Let g(z) = -4*z - 1. Let j be g(-1). Let q = 43 - 39. Suppose -a + 17 = 5*v + 3, 0 = -2*v - 2*a + q. Calculate the greatest common factor of j and v.
3
Let r(t) = 401*t - 176. Let a be r(3). What is the greatest common factor of 79 and a?
79
Let d(r) = -r**3 - 22*r**2 + 21*r - 17. Let f be d(-23). Calculate the greatest common divisor of f and 319.
29
Let f be (-186048)/(-2508) + 2/(-11). Suppose -3*i + 4*i = 111. Calculate the greatest common factor of f and i.
37
Let l = 21 + -21. Suppose l = 3*x + x - 44. Let d = x + -1. Calculate the greatest common factor of 30 and d.
10
Let n = -5520 + 5564. Suppose -s - 4*p = -58 - 8, -66 = -s - 5*p. Calculate the greatest common divisor of s and n.
22
Suppose -114 = -r + 5*w, -212 = -16*r + 14*r + 2*w. What is the highest common divisor of 78 and r?
26
Let t = -45 + 59. Let y = 7 + -5. Let k(s) = 4*s**2 - s. Let w be k(y). Calculate the highest common divisor of w and t.
14
Let n = 31 + -7. Let s = 86 + n. Calculate the highest common divisor of s and 10.
10
Suppose 4*x - 19 - 33 = 0. Suppose -4*m = 3*n + 8, -2*n + 3*m - 2*m = -x. Let g be (-1)/n - (-3195)/12. Calculate the greatest common divisor of 38 and g.
38
Let h = -289 - -769. What is the greatest common divisor of 30 and h?
30
Let d(r) = -r**2 - 30*r + 29. Let j be d(-30). Calculate the greatest common divisor of 464 and j.
29
Suppose 4*u - 2*u - 544 = 0. Suppose -4*x + u = -148. What is the greatest common divisor of x and 15?
15
Let x = -145 + 158. Calculate the highest common factor of x and 3.
1
Let y = 439 + 219. Calculate the greatest common divisor of 28 and y.
14
Let d(h) = -h - 12. Let o be d(-15). Let i be (3*2)/(o - 1). Let k(s) = s**2 - s - 5. Let m be k(5). Calculate the highest common divisor of m and i.
3
Suppose -126*k = -108*k - 5922. What is the greatest common divisor of k and 376?
47
Let t = 248 + -222. Calculate the greatest common factor of 104 and t.
26
Let g be -1 + -4 + 3 + 126. Suppose -g = 36*h - 40*h. What is the highest common factor of h and 124?
31
Let l(o) = -5*o + 2. Let d be l(0). Suppose -d*v = 4*b - b - 559, -3*b + 583 = -4*v. Calculate the greatest common factor of b and 21.
21
Let s = -480 + 490. Let n(t) = t + 20. Let v be n(0). What is the highest common divisor of v and s?
10
Suppose -4 = -2*y + 4*q, -3*y - 2*q + 10 = -6*q. Let h = 71 + -41. What is the highest common divisor of y and h?
6
Let i(q) = -q**2 - 10*q - 8. Let p be i(-8). Suppose 2*w + p + 0 = 0. Let v = 14 + w. What is the highest common divisor of v and 50?
10
Let x = -264 + 286. Let k be 548/10 - 3/(-15). Calculate the highest common divisor of x and k.
11
Let s be ((-75)/(-6))/(-5) - 3/6. Let t be (-4 + -53)/s - (-3)/(-1). What is the highest common divisor of 112 and t?
16
Let f be -36*-2*(-3)/(-18). Let m = -105 - -117. What is the greatest common factor of f and m?
12
Let q be 468/30*(-30)/(-4). Let l be (-1096)/(-28) - (-2)/42*-3. Calculate the highest common factor of q and l.
39
Suppose 3910 = 4*n + 13*n. What is the highest common divisor of n and 20?
10
Let d(l) = -l + 10. Let i be d(5). Suppose i*x + 4*m = -15 + 72, 0 = m + 2. Suppose -n = -x - 18. Calculate the highest common divisor of n and 124.
31
Let w(g) = 13*g**2 + g + 1. Let x(q) = 7*q**2 + 1. Let v(k) = 4*w(k) - 7*x(k). Let n be v(3). What is the highest common divisor of n and 8?
4
Let q = -1 - -1. Suppose q = 5*y + 1 - 31. Suppose -d = o - 63, 0 = -3*d + y*d. Calculate the greatest common factor of 42 and o.
21
Suppose 773 + 977 = 5*m. Calculate the greatest common factor of 50 and m.
50
Let u be (-4 - 4482/(-15))/((-4)/(-10)). Calculate the highest common divisor of u and 11.
11
Let c be ((-3096)/(-63))/(4/154). Calculate the highest common divisor of c and 11.
11
Suppose 6*s + 0*s - 480 = 0. Let v be (2 - 0 - 5)/((-3)/32). Calculate the highest common divisor of s and v.
16
Let g(h) be the third derivative of h**6/120 + h**5/15 + h**4/24 + 10*h**2. Let a = 8 + -11. Let f be g(a). Calculate the greatest common divisor of f and 4.
2
Suppose 4*k - 7 = 3*c, -3*k - 4*c = 1 - 0. Let t be (-2)/(-10) - 171/5. Let h be t/(-6) + (-2)/3. What is the 